t is the remainder when 124 is divided by 17?
5
What is the remainder when 1439 is divided by 13?
9
What is the remainder when 1033 is divided by 9?
7
What is the remainder when 937 is divided by 135?
127
Calculate the remainder when 941 is divided by 59.
56
What is the remainder when 1383 is divided by 234?
213
Calculate the remainder when 105 is divided by 9.
6
Calculate the remainder when 1312 is divided by 5.
2
What is the remainder when 212 is divided by 31?
26
What is the remainder when 1236 is divided by 18?
12
Calculate the remainder when 6575 is divided by 35.
30
What is the remainder when 6820 is divided by 18?
16
Calculate the remainder when 1289 is divided by 129.
128
Calculate the remainder when 77 is divided by 9.
5
What is the remainder when 1925 is divided by 18?
17
What is the remainder when 203 is divided by 134?
69
Calculate the remainder when 89 is divided by 45.
44
What is the remainder when 252 is divided by 24?
12
Calculate the remainder when 2241 is divided by 19.
18
Calculate the remainder when 71 is divided by 30.
11
What is the remainder when 1270 is divided by 56?
38
Calculate the remainder when 496 is divided by 20.
16
What is the remainder when 51 is divided by 19?
13
Calculate the remainder when 1486 is divided by 283.
71
Calculate the remainder when 199 is divided by 113.
86
Calculate the remainder when 91 is divided by 8.
3
Calculate the remainder when 99 is divided by 90.
9
Calculate the remainder when 206 is divided by 5.
1
Calculate the remainder when 461 is divided by 103.
49
What is the remainder when 46 is divided by 46?
0
Calculate the remainder when 1763 is divided by 99.
80
Calculate the remainder when 525 is divided by 179.
167
Calculate the remainder when 1272 is divided by 17.
14
Calculate the remainder when 2174 is divided by 22.
18
What is the remainder when 773 is divided by 43?
42
What is the remainder when 330 is divided by 166?
164
What is the remainder when 116 is divided by 20?
16
What is the remainder when 128 is divided by 46?
36
What is the remainder when 1021 is divided by 32?
29
Calculate the remainder when 554 is divided by 20.
14
What is the remainder when 12063 is divided by 127?
125
Calculate the remainder when 71 is divided by 12.
11
Calculate the remainder when 1206 is divided by 196.
30
Calculate the remainder when 174 is divided by 99.
75
Calculate the remainder when 204 is divided by 41.
40
Calculate the remainder when 1473 is divided by 134.
133
What is the remainder when 18 is divided by 7?
4
What is the remainder when 161 is divided by 37?
13
Calculate the remainder when 959 is divided by 172.
99
What is the remainder when 50 is divided by 30?
20
Calculate the remainder when 247 is divided by 86.
75
What is the remainder when 58 is divided by 12?
10
What is the remainder when 330 is divided by 3?
0
Calculate the remainder when 687 is divided by 30.
27
What is the remainder when 1700 is divided by 841?
18
What is the remainder when 136 is divided by 128?
8
Calculate the remainder when 1738 is divided by 133.
9
Calculate the remainder when 111 is divided by 43.
25
Calculate the remainder when 208 is divided by 111.
97
What is the remainder when 509 is divided by 99?
14
Calculate the remainder when 147 is divided by 50.
47
Calculate the remainder when 305 is divided by 4.
1
What is the remainder when 25579 is divided by 328?
323
Calculate the remainder when 72 is divided by 11.
6
What is the remainder when 2398 is divided by 48?
46
Calculate the remainder when 1843 is divided by 304.
19
What is the remainder when 102 is divided by 42?
18
Calculate the remainder when 594 is divided by 193.
15
What is the remainder when 899 is divided by 443?
13
Calculate the remainder when 1292 is divided by 348.
248
What is the remainder when 102 is divided by 52?
50
Calculate the remainder when 856 is divided by 78.
76
Calculate the remainder when 6758 is divided by 65.
63
Calculate the remainder when 596 is divided by 3.
2
Calculate the remainder when 404 is divided by 32.
20
What is the remainder when 396 is divided by 63?
18
What is the remainder when 39 is divided by 15?
9
What is the remainder when 485 is divided by 125?
110
What is the remainder when 574 is divided by 24?
22
Calculate the remainder when 54 is divided by 36.
18
What is the remainder when 7030 is divided by 12?
10
What is the remainder when 74 is divided by 5?
4
What is the remainder when 198 is divided by 67?
64
What is the remainder when 60 is divided by 16?
12
What is the remainder when 1117 is divided by 8?
5
Calculate the remainder when 795 is divided by 62.
51
What is the remainder when 877 is divided by 26?
19
Calculate the remainder when 343 is divided by 117.
109
What is the remainder when 323 is divided by 12?
11
Calculate the remainder when 838 is divided by 14.
12
Calculate the remainder when 588 is divided by 27.
21
Calculate the remainder when 196 is divided by 42.
28
Calculate the remainder when 1826 is divided by 308.
286
What is the remainder when 790 is divided by 256?
22
Calculate the remainder when 1492 is divided by 322.
204
Calculate the remainder when 1197 is divided by 5.
2
What is the remainder when 779 is divided by 30?
29
What is the remainder when 2220 is divided by 57?
54
Calculate the remainder when 1196 is divided by 35.
6
What is the remainder when 381 is divided by 46?
13
What is the remainder when 187 is divided by 62?
1
What is the remainder when 2646 is divided by 53?
49
What is the remainder when 150 is divided by 35?
10
Calculate the remainder when 2921 is divided by 79.
77
Calculate the remainder when 573 is divided by 115.
113
Calculate the remainder when 617 is divided by 52.
45
Calculate the remainder when 5737 is divided by 164.
161
Calculate the remainder when 24513 is divided by 227.
224
What is the remainder when 402 is divided by 49?
10
What is the remainder when 1521 is divided by 12?
9
What is the remainder when 470 is divided by 35?
15
Calculate the remainder when 112 is divided by 87.
25
Calculate the remainder when 1436 is divided by 711.
14
What is the remainder when 3600 is divided by 1195?
15
Calculate the remainder when 2828 is divided by 189.
182
Calculate the remainder when 801 is divided by 248.
57
Calculate the remainder when 1539 is divided by 116.
31
Calculate the remainder when 518 is divided by 39.
11
What is the remainder when 384 is divided by 96?
0
What is the remainder when 1371 is divided by 179?
118
Calculate the remainder when 256 is divided by 38.
28
What is the remainder when 31 is divided by 11?
9
Calculate the remainder when 138 is divided by 14.
12
Calculate the remainder when 3403 is divided by 26.
23
Calculate the remainder when 825 is divided by 101.
17
Calculate the remainder when 94 is divided by 33.
28
What is the remainder when 131 is divided by 34?
29
Calculate the remainder when 816 is divided by 39.
36
Calculate the remainder when 34 is divided by 12.
10
What is the remainder when 262 is divided by 14?
10
What is the remainder when 42 is divided by 22?
20
Calculate the remainder when 77 is divided by 39.
38
Calculate the remainder when 506 is divided by 74.
62
Calculate the remainder when 352 is divided by 247.
105
Calculate the remainder when 264 is divided by 77.
33
Calculate the remainder when 1426 is divided by 56.
26
Calculate the remainder when 89 is divided by 13.
11
Calculate the remainder when 557 is divided by 28.
25
What is the remainder when 585 is divided by 148?
141
Calculate the remainder when 197 is divided by 62.
11
What is the remainder when 25 is divided by 17?
8
Calculate the remainder when 239 is divided by 207.
32
Calculate the remainder when 1003 is divided by 47.
16
Calculate the remainder when 245 is divided by 43.
30
Calculate the remainder when 303 is divided by 38.
37
Calculate the remainder when 13750 is divided by 18.
16
Calculate the remainder when 776 is divided by 191.
12
What is the remainder when 585 is divided by 74?
67
What is the remainder when 452 is divided by 10?
2
What is the remainder when 376 is divided by 38?
34
Calculate the remainder when 1162 is divided by 550.
62
Calculate the remainder when 928 is divided by 315.
298
Calculate the remainder when 356 is divided by 15.
11
What is the re